-2686 - 2?
-2688
In base 13, what is 162 - -105?
267
In base 8, what is -5 - 131514?
-131521
In base 16, what is 2729 - -22?
274b
In base 14, what is 33c4 - 12?
33b2
In base 8, what is 552 - 11237?
-10465
In base 14, what is 2c - -2334?
2362
In base 6, what is 121401 - 153?
121204
In base 14, what is -2d9dc0 + 1?
-2d9dbd
In base 12, what is 13780 + -4?
13778
In base 6, what is 3541 - -1?
3542
In base 13, what is -226 + -c89?
-11b2
In base 4, what is 313 + -330112?
-323133
In base 10, what is 13 - 7011?
-6998
In base 12, what is 1297 - 14?
1283
In base 2, what is -111010 + -101001101101?
-101010100111
In base 8, what is 402 + -3003?
-2401
In base 12, what is -21865 + -4?
-21869
In base 7, what is -105 + -26343?
-26451
In base 10, what is 326553 + -5?
326548
In base 11, what is -2065 - 18?
-2082
In base 15, what is 1 + -1486?
-1485
In base 13, what is -61757 - 1?
-61758
In base 9, what is 11 - 418820?
-418808
In base 11, what is -2 - -689427?
689425
In base 12, what is 4 - -47?
4b
In base 3, what is 1122211220 - -2?
1122211222
In base 8, what is -3007 + -13?
-3022
In base 4, what is -10 + -303223023?
-303223033
In base 5, what is 3 + 12043343?
12043401
In base 2, what is -11 - -10010111010?
10010110111
In base 3, what is 1200 - 10211000?
-10202100
In base 15, what is 14 + -d7?
-c3
In base 16, what is -130 + -1?
-131
In base 10, what is 8 - -261613?
261621
In base 2, what is 11001 + 110000000011111100?
110000000100010101
In base 2, what is -10001001110 + 10111111001?
110101011
In base 15, what is 49a73 - -4?
49a77
In base 16, what is -18638 - 0?
-18638
In base 13, what is -35 - -83?
4b
In base 3, what is -12 - -110111220?
110111201
In base 16, what is -2b + -60?
-8b
In base 14, what is -344 + 29a?
-88
In base 10, what is 56867 + 6?
56873
In base 8, what is -3 + -725?
-730
In base 12, what is 1 + 6461?
6462
In base 3, what is -100012021211 - -10?
-100012021201
In base 9, what is -14874 - -87?
-14776
In base 3, what is 0 - 211011021?
-211011021
In base 7, what is 412564 + 0?
412564
In base 16, what is -1 + -c7?
-c8
In base 4, what is -3310331 + 12?
-3310313
In base 8, what is 4703540 - -2?
4703542
In base 12, what is -2b904 + 3?
-2b901
In base 13, what is 20 - 4182?
-4162
In base 8, what is -4026 - 26?
-4054
In base 11, what is -1 - -36601a?
366019
In base 3, what is 22111020 - -102?
22111122
In base 4, what is -2211 - -20132?
11321
In base 15, what is -2 + -a0e?
-a11
In base 14, what is -2416 - -98?
-235c
In base 2, what is 1000011 + 110000000010?
110001000101
In base 7, what is 601 + 62?
663
In base 8, what is 1 - 77525?
-77524
In base 16, what is -2f - 3a0?
-3cf
In base 6, what is -221524 + 2?
-221522
In base 6, what is -504 + -1343?
-2251
In base 9, what is -3 - 8857?
-8861
In base 4, what is 332022110 + -3?
332022101
In base 2, what is 11100 + -11011010101101?
-11011010010001
In base 12, what is -29 - 1117?
-1144
In base 12, what is -b5ab + -21?
-b610
In base 8, what is 1133 + -111?
1022
In base 16, what is -4 + -2393?
-2397
In base 15, what is -94 - e6?
-18a
In base 16, what is 2e + -bb?
-8d
In base 16, what is -10 + -137b?
-138b
In base 14, what is 2 - 727b7?
-727b5
In base 6, what is 501 - 54144?
-53243
In base 14, what is 4 + -159847?
-159843
In base 10, what is -4 - -55100?
55096
In base 6, what is -5051 - 441?
-5532
In base 11, what is 7337435 - -5?
733743a
In base 9, what is 1 + -132?
-131
In base 7, what is -4200 + -313?
-4513
In base 10, what is -52697 + 62?
-52635
In base 11, what is 77 - -140?
207
In base 6, what is -2 - 22311?
-22313
In base 12, what is -8930 + 5?
-8927
In base 14, what is -222741 - 0?
-222741
In base 7, what is 5 + 6020021?
6020026
In base 2, what is 10 - 100010111000000010001?
-100010111000000001111
In base 5, what is 130323301 - -3?
130323304
In base 4, what is 11011 + -2232?
2113
In base 13, what is 3 + 5217?
521a
In base 11, what is -2 - -20a31?
20a2a
In base 5, what is 4 - -404324?
404333
In base 4, what is 110321023 - -22?
110321111
In base 3, what is -122 + -10002210?
-10010102
In base 11, what is 0 - -28227?
28227
In base 16, what is 706 + 10?
716
In base 8, what is 4 - -576627?
576633
In base 4, what is -2 + 1211323011?
1211323003
In base 16, what is -20 + -d21?
-d41
In base 14, what is 0 - -2ac22?
2ac22
In base 14, what is 35 + 430d?
4344
In base 10, what is 1679780 - 2?
1679778
In base 15, what is 117 + 2398?
24b0
In base 3, what is 20002 - -10211?
100220
In base 12, what is -8 - -341b?
3413
In base 2, what is -10011110 + -1000110100?
-1011010010
In base 4, what is -321233313 + -1?
-321233320
In base 16, what is 8 - aec8?
-aec0
In base 15, what is 5 + -7968?
-7963
In base 3, what is -1 - 1210212002020?
-1210212002021
In base 13, what is -1b87a5 - 5?
-1b87aa
In base 4, what is -310033 - 1?
-310100
In base 12, what is -128 + -1?
-129
In base 12, what is 47 - -b13?
b5a
In base 6, what is -331 - 35001?
-35332
In base 6, what is -1435554 - 4?
-1440002
In base 8, what is 142 - -327?
471
In base 15, what is 0 - -e0b?
e0b
In base 10, what is -22 - 1218?
-1240
In base 15, what is 4 - 7420?
-741b
In base 6, what is 1251 + 315?
2010
In base 12, what is 162701 - -1?
162702
In base 12, what is -1 + 104800?
1047bb
In base 14, what is 6403 - 3?
6400
In base 8, what is -41 - 245406?
-245447
In base 8, what is 47 - 154?
-105
In base 12, what is 2b - 471?
-442
In base 10, what is -101 + 61?
-40
In base 6, what is 321523 - 4?
321515
In base 6, what is 3531 + 21?
3552
In base 7, what is -124 + -5004?
-5131
In base 5, what is -214434 - 3?
-214442
In base 8, what is -2260016 - 0?
-2260016
In base 14, what is -192 - -300?
14c
In base 5, what is -1131242 + 1321?
-1124421
In base 12, what is 11b + -289?
-16a
In base 15, what is 291 - 43?
24d
In base 13, what is -7 + 3577?
3570
In base 7, what is 612 - -535?
1450
In base 15, what is 12e05 - 1?
12e04
In base 4, what is 21123020 + 101?
21123121
In base 13, what is -119562 - -4?
-11955b
In base 8, what is 50452 + 6?
50460
In base 5, what is -21 - 230343?
-230414
In base 10, what is -65148 - 1?
-65149
In base 2, what is 1001001101000111100 - 100?
1001001101000111000
In base 10, what is 66 - -11097?
11163
In base 5, what is -33043 + -11?
-33104
In base 10, what is 16 + -26619?
-26603
In base 4, what is -102 - 3310333?
-3311101
In base 13, what is -19c + -429c?
-446b
In base 13, what is -2 + 2c409?
2c407
In base 11, what is 12641 - -2?
12643
In base 5, what is 21324 + 1200?
23024
In base 2, what is -1100010101 + -1100?
-1100100001
In base 12, what is 209 - -5b4?
801
In base 14, what is 31 + -408?
-3b7
In base 11, what is 31788 - 7?
31781
In base 2, what is 101111011111101 - 100?
101111011111001
In base 16, what is 254 - -45?
299
In base 11, what is -9 - -11?
3
In base 11, what is -100 - -5a77?
5977
In base 6, what is -35212 - -2435?
-32333
In base 13, what is -1b - 2c36?
-2c54
In base 15, what is 282ee + -b?
282e3
In base 15, what is -ae7 - 249?
-d41
In base 2, what is -100000010110000011101 + 100?
-100000010110000011001
In base 15, what is 328a4 - 9?
3289a
In base 5, what is -104 - 121201?
-121310
In base 16, what is 0 + 6096?
6096
In base 14, what is 1 + -4dc?
-4db
In base 9, what is -6002 + 3?
-5888
In base 3, what is -1021201200 - -1?
-1021201122
In base 9, what is -18436 + 104?
-18332
In base 7, what is -16 - 224543?
-224562
In base 9, what is -650545 + -2?
-650547
In base 10, what is -1 + 22035?
22034
In base 2, what is 11100100 - 101001111?
-1101011
In base 12, what is -351 - 1296?
-1627
In base 10, what is -51 - 206?
-257
In base 7, what is 24631 + 254?
25215
In base 9, what is 667 + 34?
712
In base 4, what is -11122003 + -111?
-11122120
In base 7, what is 5441142 + 1?
5441143
In base 16, what is 3 + -293d5?
-293d2
In base 10, what is -60447 + 2?
-60445
In base 5, what is -34 + -23341?
-23430
In base 2, what is 110 - -1010101100111011111?
1010101100111100101
In base 15, what is 12 + -155c?
-154a
In base 6, what is -3 - -103023?
103020
In base 8, what is 646306 + 5?
646313
In base 14, what is -4 + -b5b2?
-b5b6
In base 6, what is -54331533 + 3?
-54331530
In base 14, what is 1807 - 3?
1804
In base 13, what is 2a035 - -70?
2a0a5
In base 4, what is -2 - -2001312?
2001310
In base 4, what is 20 - 11232313?
-11232233
In base 3, what is 1022020122 - -111?
1022021010
In base 15, wh